alculate the highest common factor of f and 20.
20
Suppose -20 = 4*c + 120. Let l = c - -79. Calculate the highest common factor of 33 and l.
11
Let p(n) = n**2 - 109*n + 204. Let m be p(0). What is the greatest common factor of 120 and m?
12
Let u = 0 + 4. Let f(z) = z**3 - 5*z**2 - 4 - u*z - 3 - 3. Let k be f(7). Calculate the greatest common divisor of 20 and k.
20
Suppose 4*t - 198 = -7*t. Calculate the highest common factor of t and 198.
18
Let f be 2*(-6)/(-4) + (-2016)/(-32). What is the greatest common divisor of f and 66?
66
Suppose v + 15 = 6*v. Suppose 0 = -4*t + 3*g + 9, -2*t + 9 + 2 = 5*g. Calculate the highest common divisor of t and v.
3
Let r(u) = -2*u**3 - 3*u**2 + 2. Let d(p) = p**3 + 5*p**2 - 2*p - 12. Let y be d(-5). Let s be r(y). What is the greatest common divisor of 18 and s?
6
Suppose -96 = -5*p + 2*d - 4*d, -5*p + d + 102 = 0. What is the highest common divisor of p and 70?
10
Suppose 4*t - 3 - 29 = 0. Let x be (2/4)/(1/4). Suppose 3*z = 5*r - 6*r + 16, -24 = -x*z - 4*r. What is the greatest common factor of t and z?
4
Let v(k) = -31*k**3 - 2*k**2 - 3*k - 2. Let y be v(-1). Calculate the greatest common factor of 270 and y.
30
Let y(r) = 8*r**3 - 3*r**2. Let c be y(2). Let i(k) = -48*k + 157. Let s be i(3). Calculate the highest common divisor of s and c.
13
Let b be (4 + 81/(-18))*-22. Calculate the greatest common factor of b and 275.
11
Let a(y) = 2*y**2 - 3*y. Let b be a(2). Suppose 26 - 2 = 6*t. Suppose t = -2*c + 24. What is the greatest common divisor of c and b?
2
Let j(s) = 10*s**3 + 39*s**2 - 6*s + 15. Let l be j(-4). What is the highest common divisor of 2231 and l?
23
Let s = -115 + 52. Let l = 98 + s. What is the greatest common factor of 7 and l?
7
Let d be (-10)/95 - (2 + 6215/(-19)). Calculate the highest common factor of d and 75.
25
Let j be ((-3)/1)/(4/36). Let w be (66/(-9))/(3/j). What is the greatest common divisor of w and 6?
6
Suppose 5*q - 4*b = -8*b + 560, -560 = -5*q - b. Let o(k) = -100*k - 1286. Let r be o(-13). Calculate the highest common factor of r and q.
14
Let t = 36 - 33. Suppose -z + t*z - 78 = 0. What is the highest common factor of 26 and z?
13
Suppose -90 + 6 = 4*y. Let r = y + 15. Let v be (164 - r) + (0 - -1). What is the highest common divisor of 19 and v?
19
Suppose 14*j + 8 = 78. Calculate the highest common divisor of 31 and j.
1
Let f be (-1 + -3)*((-13)/4 - -5). Suppose -2*c - 4*z = 572, c + z + 291 = 9. Let w be c/f - 12/(-42). Calculate the greatest common factor of 10 and w.
10
Let h(i) = -19*i - 4. Let k be h(4). Let n be ((-96)/k)/(2/(-5)). Let z be n + 1 - 12*-5. What is the greatest common factor of z and 87?
29
Let o be 2*9/108 + (-490)/(-12). What is the greatest common factor of 41 and o?
41
Let s(d) = -7*d**3 + d**2 + 1. Let y = -1 - 1. Let f be s(y). Let v = f - 17. Calculate the highest common divisor of 4 and v.
4
Suppose 140 = 4*a - 67*h + 65*h, 5*a - 175 = -h. What is the greatest common factor of 2870 and a?
35
Let j(g) = g**3 + 38*g**2 - 41*g - 58. Let d be j(-39). Calculate the highest common factor of 15 and d.
5
Let x = -30 + 35. Suppose -4*h + 275 = l, -x*h = 2*l - 3*l - 355. What is the highest common divisor of h and 28?
14
Let c(g) = 21*g - 21. Let o be c(14). What is the highest common factor of 78 and o?
39
Suppose 132*o - 127*o = 5*c - 1115, -3*c = o - 689. What is the highest common factor of 1482 and c?
114
Suppose -5*f + 16 = 4*a, 4*f + 7 = -5*a + 4*a. What is the greatest common divisor of 297 and a?
9
Suppose 18*u - 126 = 16*u. Let z be ((-7)/((-294)/360))/(3/u). What is the greatest common factor of z and 18?
18
Let k(s) = 3*s**2 - 2. Let q be k(-2). Suppose -q = x - 1. Let h(n) = -16*n - 14. Let f be h(x). What is the greatest common factor of f and 52?
26
Let z = 90 - 65. Suppose -4*q = -2*f - 2, -5*f + 0*q = -2*q + 13. Let h = 8 + f. Calculate the highest common factor of z and h.
5
Suppose -c = c - 26. Suppose i - 12 = -3*i. Suppose -i*w - u = -313, 2*w - u - 251 + 44 = 0. Calculate the highest common factor of c and w.
13
Let o(x) = -4*x**3 + 6*x**2 + 57*x + 2. Let i be o(-4). Let r be 27/(-2)*(-8)/6. Calculate the greatest common divisor of r and i.
18
Let w(v) = -31*v**2 + 4*v**3 + 67*v**2 + 3*v - 40*v**2 - 16 - 3*v**3. Let g be w(7). Calculate the highest common divisor of g and 19.
19
Let s(h) = -7*h**3 - 2*h**2 - h + 2. Let r be s(-2). Let c be (364/(-21))/(13/15 + -1). Calculate the greatest common factor of r and c.
26
Let h = 92 + 53. Suppose 3*f - 43 = -25*j + 23*j, 0 = 4*j + 5*f - 91. Calculate the highest common factor of j and h.
29
Let y(x) = x**3 - 23*x**2 + 45*x - 37. Let r be y(21). Calculate the highest common factor of r and 26.
26
Suppose -4*i + 6*i + 14 = l, 5*i = 15. Calculate the highest common factor of l and 250.
10
Let y(q) = 155*q**3 - 2*q**2 + q. Let c(r) = r + 4. Let l be c(0). Suppose 5*k - l*k - 1 = 0. Let h be y(k). Calculate the greatest common divisor of h and 14.
14
Let g be 100 + (1 + -4 - (7 + -9)). Suppose 0 = -3*h - h + 36. What is the highest common divisor of g and h?
9
Let s(v) = v**2 - v - 13. Let m be s(6). What is the greatest common divisor of 272 and m?
17
Let d be 8/(32/564) - (8 + -3). Calculate the highest common factor of d and 51.
17
Let z(t) = 27*t + 191. Let c be z(-5). What is the highest common factor of c and 21?
7
Let s(l) = -l**3 + l**2 + l + 45. Let z be s(-5). Let u(a) = 6*a**2 - 4*a + 3. Let o = 1 - -1. Let y be u(o). What is the greatest common divisor of z and y?
19
Let z be ((-1)/(-3))/((-1)/(-21)). Let h = 65 - 61. Suppose 12 = -4*v - h, -46 = -o + v. What is the highest common divisor of z and o?
7
Let z(n) = -2*n**3 - 11*n**2 - 6*n. Let c be z(-5). Let s(x) = -x**3 + 13*x**2 - 9*x - 1. Let b be s(12). Calculate the greatest common divisor of b and c.
5
Let f be -9*6/18 - (-1 + -7). Calculate the greatest common factor of f and 365.
5
Let b = -25 - -51. Let g = 335 - 153. Calculate the greatest common divisor of g and b.
26
Let r = -336 + 402. Let n be 16/2 + 6/(-2). Suppose -3*m + n + 61 = 0. What is the highest common divisor of r and m?
22
Suppose -4*p + 92 = -5*p. Let a = 126 + p. What is the highest common divisor of 34 and a?
34
Let b be 4/(-6) + (-25)/(-15). Let c be (25 - b) + 1 + -5. Calculate the highest common divisor of c and 160.
20
Let h = -684 - -782. What is the greatest common divisor of 245 and h?
49
Let v(b) = 11*b + 16. Let n(o) = o**3 - 17*o**2 - 2*o + 37. Let f be n(17). Let s be v(f). What is the greatest common factor of 7 and s?
7
Suppose -3*o - 6 = 9, o = -4*v + 11. Suppose -2*m - 15 = -7*m. Calculate the highest common factor of m and v.
1
Suppose 0 = -3*d - 2*d + 4*a + 14, 3*a + 9 = 3*d. Suppose q = d*w + 42, -3*w + 6*w + 47 = q. What is the highest common factor of q and 64?
32
Suppose 9 = -3*b, -4*g - 46*b + 92 = -42*b. Calculate the greatest common factor of 6 and g.
2
Suppose 6*x = -0*x + 468. Calculate the highest common factor of 195 and x.
39
Let i be 35/(-10) - 9/(-6) - -12. Calculate the highest common divisor of 80 and i.
10
Let d(h) = h**2 + 10*h - 84. Let n be d(-16). Calculate the greatest common factor of 12 and n.
12
Let k be 0*(6/(-3))/2. Suppose 12*z = -k*z + 204. What is the highest common divisor of 136 and z?
17
Let x(a) = 61*a + 6. Let q be x(4). Calculate the highest common divisor of 100 and q.
50
Let b(j) = -j + 213. Let k be b(-19). Let d be (-31 - 2/(-1))*-1. What is the greatest common factor of k and d?
29
Suppose -5*s - k = -7, 2*s - k = 3*s - 3. Let i be s*96/(1 - -3). Calculate the highest common factor of i and 12.
12
Let k(r) = r**2 - 7*r + 11. Let o be k(8). Suppose o*a - 18*a = 27. Calculate the highest common divisor of a and 135.
27
Let r = -592 + 599. Calculate the greatest common divisor of 65 and r.
1
Suppose -51 = d - i, 5*d - 126 + 361 = -5*i. Let z be -1 - (1 - (2 - d)). Let t = z + -35. What is the highest common divisor of 35 and t?
7
Suppose 4*p = 262 - 42. Let o = 220 - p. Calculate the greatest common factor of o and 15.
15
Suppose 0 = x - p - 1, 6*p = -4*x + 4*p + 10. Suppose 7*n = x*n + 5. Let d be -1 + (3 - n) + 8. Calculate the greatest common factor of d and 81.
9
Suppose 5*n - 27 = 2*n. Suppose -121 = -n*k + 41. Calculate the highest common factor of k and 45.
9
Suppose -2*q - 3*f =